{"id":25,"date":"2022-10-14T11:23:17","date_gmt":"2022-10-14T11:23:17","guid":{"rendered":"https:\/\/majurigroup.fi\/?page_id=25"},"modified":"2026-01-06T20:53:39","modified_gmt":"2026-01-06T20:53:39","slug":"polyn-ja-purunpoistojarjestelmat","status":"publish","type":"page","link":"https:\/\/majurigroup.fi\/index.php\/polyn-ja-purunpoistojarjestelmat\/","title":{"rendered":"P\u00d6LYN- JA PURUNPOISTOJ\u00c4RJESTELM\u00c4T"},"content":{"rendered":"\t\t<div data-elementor-type=\"wp-page\" data-elementor-id=\"25\" class=\"elementor elementor-25\" data-elementor-post-type=\"page\">\n\t\t\t\t\t\t<section class=\"elementor-section elementor-top-section elementor-element elementor-element-469f616 elementor-section-boxed elementor-section-height-default elementor-section-height-default\" data-id=\"469f616\" data-element_type=\"section\">\n\t\t\t\t\t\t<div class=\"elementor-container elementor-column-gap-default\">\n\t\t\t\t\t<div class=\"elementor-column elementor-col-100 elementor-top-column elementor-element elementor-element-ee91ddb\" data-id=\"ee91ddb\" data-element_type=\"column\">\n\t\t\t<div class=\"elementor-widget-wrap elementor-element-populated\">\n\t\t\t\t\t\t<div class=\"elementor-element elementor-element-b7a8e71 elementor-widget elementor-widget-spacer\" data-id=\"b7a8e71\" data-element_type=\"widget\" data-widget_type=\"spacer.default\">\n\t\t\t\t<div class=\"elementor-widget-container\">\n\t\t\t\t\t\t\t<div class=\"elementor-spacer\">\n\t\t\t<div class=\"elementor-spacer-inner\"><\/div>\n\t\t<\/div>\n\t\t\t\t\t\t<\/div>\n\t\t\t\t<\/div>\n\t\t\t\t\t<\/div>\n\t\t<\/div>\n\t\t\t\t\t<\/div>\n\t\t<\/section>\n\t\t\t\t<section class=\"elementor-section elementor-top-section elementor-element elementor-element-6750667 elementor-section-boxed elementor-section-height-default elementor-section-height-default\" data-id=\"6750667\" data-element_type=\"section\">\n\t\t\t\t\t\t<div class=\"elementor-container elementor-column-gap-default\">\n\t\t\t\t\t<div class=\"elementor-column elementor-col-100 elementor-top-column elementor-element elementor-element-06ab45c\" data-id=\"06ab45c\" data-element_type=\"column\">\n\t\t\t<div class=\"elementor-widget-wrap elementor-element-populated\">\n\t\t\t\t\t\t<div class=\"elementor-element elementor-element-ffe4a9b elementor-widget elementor-widget-heading\" data-id=\"ffe4a9b\" data-element_type=\"widget\" data-widget_type=\"heading.default\">\n\t\t\t\t<div class=\"elementor-widget-container\">\n\t\t\t\t\t<h2 class=\"elementor-heading-title elementor-size-default\">P\u00f6lyn- ja purunpoistoj\u00e4rjestelm\u00e4t<\/h2>\t\t\t\t<\/div>\n\t\t\t\t<\/div>\n\t\t\t\t<div class=\"elementor-element elementor-element-b960b75 elementor-widget elementor-widget-text-editor\" data-id=\"b960b75\" data-element_type=\"widget\" data-widget_type=\"text-editor.default\">\n\t\t\t\t<div class=\"elementor-widget-container\">\n\t\t\t\t\t\t\t\t\t<p>P\u00f6lyn- ja purunpoistoj\u00e4rjestelm\u00e4t ovat saatavilla sek\u00e4 sis\u00e4tiloihin asennettavina moduuleina ett\u00e4 ulos sijoitettavina kompakteina konttiratkaisuina. Molemmat vaihtoehdot ovat r\u00e4\u00e4t\u00e4l\u00f6it\u00e4viss\u00e4 asiakkaan tilojen ja prosessin vaatimusten mukaisesti. N\u00e4in jokaiselle kohteelle voidaan toimittaa luotettava ja toimiva kokonaisratkaisu.<\/p><p>Majuri Groupin valmistamat p\u00f6lyn- ja purunpoistoj\u00e4rjestelm\u00e4t mitoitetaan aina siten, ett\u00e4 j\u00e4rjestelm\u00e4n suorituskyky on riitt\u00e4v\u00e4 100 % varmuudella. Ty\u00f6turvallisuuslaki m\u00e4\u00e4rittelee ty\u00f6paikkojen HTP-arvot, ja puup\u00f6lyn kohdalla haitalliseksi tunnettu pitoisuus on 2 mg\/m\u00b3 (8 h keskiarvo hengitysilmassa). Ty\u00f6tilan turvallisena pysyminen edellytt\u00e4\u00e4kin riitt\u00e4v\u00e4n suorituskykyist\u00e4 p\u00f6lyn- ja purunpoistoj\u00e4rjestelm\u00e4\u00e4.<\/p><p>Majuri Groupin p\u00f6lyn- ja purunpoistoj\u00e4rjestelm\u00e4ss\u00e4 ty\u00f6tilasta poistettu ilma johdetaan suodatuksen j\u00e4lkeen ulos ja ty\u00f6tiloihin palautetaan uutta suodatettua ulkoilmaa. J\u00e4rjestelm\u00e4 ei siis kierr\u00e4t\u00e4 ty\u00f6tilan sis\u00e4ilmaa, vaan vaihtaa sit\u00e4. J\u00e4rjestelm\u00e4ss\u00e4 on l\u00e4mm\u00f6ntalteenotto sek\u00e4 taajuusmuuntajak\u00e4ytt\u00f6iset puhaltimet, jotka tekev\u00e4t siit\u00e4 hyvin energiatehokkaan.<\/p>\t\t\t\t\t\t\t\t<\/div>\n\t\t\t\t<\/div>\n\t\t\t\t\t<\/div>\n\t\t<\/div>\n\t\t\t\t\t<\/div>\n\t\t<\/section>\n\t\t\t\t<section class=\"elementor-section elementor-top-section elementor-element elementor-element-6247c08 elementor-section-boxed elementor-section-height-default elementor-section-height-default\" data-id=\"6247c08\" data-element_type=\"section\">\n\t\t\t\t\t\t<div class=\"elementor-container elementor-column-gap-default\">\n\t\t\t\t\t<div class=\"elementor-column elementor-col-100 elementor-top-column elementor-element elementor-element-b266f11\" data-id=\"b266f11\" data-element_type=\"column\">\n\t\t\t<div class=\"elementor-widget-wrap\">\n\t\t\t\t\t\t\t<\/div>\n\t\t<\/div>\n\t\t\t\t\t<\/div>\n\t\t<\/section>\n\t\t\t\t<section class=\"elementor-section elementor-top-section elementor-element elementor-element-b030e4c elementor-section-boxed elementor-section-height-default elementor-section-height-default\" data-id=\"b030e4c\" data-element_type=\"section\">\n\t\t\t\t\t\t<div class=\"elementor-container elementor-column-gap-default\">\n\t\t\t\t\t<div class=\"elementor-column elementor-col-100 elementor-top-column elementor-element elementor-element-095993d\" data-id=\"095993d\" data-element_type=\"column\">\n\t\t\t<div class=\"elementor-widget-wrap elementor-element-populated\">\n\t\t\t\t\t\t<div class=\"elementor-element elementor-element-0814119 elementor-widget__width-inherit elementor-widget elementor-widget-image\" data-id=\"0814119\" data-element_type=\"widget\" data-widget_type=\"image.default\">\n\t\t\t\t<div class=\"elementor-widget-container\">\n\t\t\t\t\t\t\t\t\t\t\t\t\t\t\t<img fetchpriority=\"high\" decoding=\"async\" width=\"1024\" height=\"768\" src=\"https:\/\/majurigroup.fi\/wp-content\/uploads\/2025\/12\/purunpoisto-1024x768.jpg\" class=\"attachment-large size-large wp-image-591\" alt=\"\" srcset=\"https:\/\/majurigroup.fi\/wp-content\/uploads\/2025\/12\/purunpoisto-1024x768.jpg 1024w, https:\/\/majurigroup.fi\/wp-content\/uploads\/2025\/12\/purunpoisto-300x225.jpg 300w, https:\/\/majurigroup.fi\/wp-content\/uploads\/2025\/12\/purunpoisto-768x576.jpg 768w, https:\/\/majurigroup.fi\/wp-content\/uploads\/2025\/12\/purunpoisto-1536x1152.jpg 1536w, https:\/\/majurigroup.fi\/wp-content\/uploads\/2025\/12\/purunpoisto.jpg 1600w\" sizes=\"(max-width: 1024px) 100vw, 1024px\" \/>\t\t\t\t\t\t\t\t\t\t\t\t\t\t\t<\/div>\n\t\t\t\t<\/div>\n\t\t\t\t\t<\/div>\n\t\t<\/div>\n\t\t\t\t\t<\/div>\n\t\t<\/section>\n\t\t\t\t<section class=\"elementor-section elementor-top-section elementor-element elementor-element-427be56 elementor-section-boxed elementor-section-height-default elementor-section-height-default\" data-id=\"427be56\" data-element_type=\"section\">\n\t\t\t\t\t\t<div class=\"elementor-container elementor-column-gap-default\">\n\t\t\t\t\t<div class=\"elementor-column elementor-col-100 elementor-top-column elementor-element elementor-element-a1d001f\" data-id=\"a1d001f\" data-element_type=\"column\">\n\t\t\t<div class=\"elementor-widget-wrap elementor-element-populated\">\n\t\t\t\t\t\t<div class=\"elementor-element elementor-element-c872de2 elementor-widget elementor-widget-spacer\" data-id=\"c872de2\" data-element_type=\"widget\" data-widget_type=\"spacer.default\">\n\t\t\t\t<div class=\"elementor-widget-container\">\n\t\t\t\t\t\t\t<div class=\"elementor-spacer\">\n\t\t\t<div class=\"elementor-spacer-inner\"><\/div>\n\t\t<\/div>\n\t\t\t\t\t\t<\/div>\n\t\t\t\t<\/div>\n\t\t\t\t\t<\/div>\n\t\t<\/div>\n\t\t\t\t\t<\/div>\n\t\t<\/section>\n\t\t\t\t<\/div>\n\t\t","protected":false},"excerpt":{"rendered":"<p>P\u00f6lyn- ja purunpoistoj\u00e4rjestelm\u00e4t P\u00f6lyn- ja purunpoistoj\u00e4rjestelm\u00e4t ovat saatavilla sek\u00e4 sis\u00e4tiloihin asennettavina moduuleina ett\u00e4 ulos sijoitettavina kompakteina konttiratkaisuina. Molemmat vaihtoehdot ovat r\u00e4\u00e4t\u00e4l\u00f6it\u00e4viss\u00e4 asiakkaan tilojen ja prosessin vaatimusten mukaisesti. N\u00e4in jokaiselle kohteelle voidaan toimittaa luotettava ja toimiva kokonaisratkaisu. Majuri Groupin valmistamat p\u00f6lyn- ja purunpoistoj\u00e4rjestelm\u00e4t mitoitetaan aina siten, ett\u00e4 j\u00e4rjestelm\u00e4n suorituskyky on riitt\u00e4v\u00e4 100 % varmuudella. Ty\u00f6turvallisuuslaki m\u00e4\u00e4rittelee&hellip;&nbsp;<a href=\"https:\/\/majurigroup.fi\/index.php\/polyn-ja-purunpoistojarjestelmat\/\" rel=\"bookmark\"><span class=\"screen-reader-text\">P\u00d6LYN- JA PURUNPOISTOJ\u00c4RJESTELM\u00c4T<\/span><\/a><\/p>\n","protected":false},"author":1,"featured_media":0,"parent":0,"menu_order":0,"comment_status":"closed","ping_status":"closed","template":"page-templates\/template-pagebuilder-full-width.php","meta":{"neve_meta_sidebar":"","neve_meta_container":"","neve_meta_enable_content_width":"off","neve_meta_content_width":100,"neve_meta_title_alignment":"","neve_meta_author_avatar":"","neve_post_elements_order":"","neve_meta_disable_header":"","neve_meta_disable_footer":"","neve_meta_disable_title":"","footnotes":""},"class_list":["post-25","page","type-page","status-publish","hentry"],"yoast_head":"<!-- This site is optimized with the Yoast SEO plugin v26.6 - https:\/\/yoast.com\/wordpress\/plugins\/seo\/ -->\n<title>P\u00d6LYN- JA PURUNPOISTOJ\u00c4RJESTELM\u00c4T - Majuri Group Oy<\/title>\n<meta name=\"description\" content=\"P\u00f6lynpoistoj\u00e4rjestelm\u00e4t ja purunpoistoj\u00e4rjestelm\u00e4t oppilaitoksiin ja teollisuuskohteisiin. Moduulit ja konttiratkaisut, lue lis\u00e4\u00e4.\" \/>\n<meta name=\"robots\" content=\"index, follow, max-snippet:-1, max-image-preview:large, max-video-preview:-1\" \/>\n<link rel=\"canonical\" href=\"https:\/\/majurigroup.fi\/index.php\/polyn-ja-purunpoistojarjestelmat\/\" \/>\n<meta property=\"og:locale\" content=\"fi_FI\" \/>\n<meta property=\"og:type\" content=\"article\" \/>\n<meta property=\"og:title\" content=\"P\u00f6lyn- ja purunpoistoj\u00e4rjestelm\u00e4t\" \/>\n<meta property=\"og:description\" content=\"Tehokkaat p\u00f6lyn- ja purunpoistoj\u00e4rjestelm\u00e4t\" \/>\n<meta property=\"og:url\" content=\"https:\/\/majurigroup.fi\/index.php\/polyn-ja-purunpoistojarjestelmat\/\" \/>\n<meta property=\"og:site_name\" content=\"Majuri Group Oy\" \/>\n<meta property=\"article:modified_time\" content=\"2026-01-06T20:53:39+00:00\" \/>\n<meta property=\"og:image\" content=\"https:\/\/majurigroup.fi\/wp-content\/uploads\/2026\/01\/purunpoistojarjestelma.png\" \/>\n\t<meta property=\"og:image:width\" content=\"1200\" \/>\n\t<meta property=\"og:image:height\" content=\"628\" \/>\n\t<meta property=\"og:image:type\" content=\"image\/png\" \/>\n<meta name=\"twitter:card\" content=\"summary_large_image\" \/>\n<meta name=\"twitter:label1\" content=\"Arvioitu lukuaika\" \/>\n\t<meta name=\"twitter:data1\" content=\"1 minuutti\" \/>\n<script type=\"application\/ld+json\" class=\"yoast-schema-graph\">{\"@context\":\"https:\/\/schema.org\",\"@graph\":[{\"@type\":\"WebPage\",\"@id\":\"https:\/\/majurigroup.fi\/index.php\/polyn-ja-purunpoistojarjestelmat\/\",\"url\":\"https:\/\/majurigroup.fi\/index.php\/polyn-ja-purunpoistojarjestelmat\/\",\"name\":\"P\u00d6LYN- JA PURUNPOISTOJ\u00c4RJESTELM\u00c4T - Majuri Group Oy\",\"isPartOf\":{\"@id\":\"https:\/\/majurigroup.fi\/#website\"},\"primaryImageOfPage\":{\"@id\":\"https:\/\/majurigroup.fi\/index.php\/polyn-ja-purunpoistojarjestelmat\/#primaryimage\"},\"image\":{\"@id\":\"https:\/\/majurigroup.fi\/index.php\/polyn-ja-purunpoistojarjestelmat\/#primaryimage\"},\"thumbnailUrl\":\"https:\/\/majurigroup.fi\/wp-content\/uploads\/2025\/12\/purunpoisto-1024x768.jpg\",\"datePublished\":\"2022-10-14T11:23:17+00:00\",\"dateModified\":\"2026-01-06T20:53:39+00:00\",\"description\":\"P\u00f6lynpoistoj\u00e4rjestelm\u00e4t ja purunpoistoj\u00e4rjestelm\u00e4t oppilaitoksiin ja teollisuuskohteisiin. Moduulit ja konttiratkaisut, lue lis\u00e4\u00e4.\",\"breadcrumb\":{\"@id\":\"https:\/\/majurigroup.fi\/index.php\/polyn-ja-purunpoistojarjestelmat\/#breadcrumb\"},\"inLanguage\":\"fi\",\"potentialAction\":[{\"@type\":\"ReadAction\",\"target\":[\"https:\/\/majurigroup.fi\/index.php\/polyn-ja-purunpoistojarjestelmat\/\"]}]},{\"@type\":\"ImageObject\",\"inLanguage\":\"fi\",\"@id\":\"https:\/\/majurigroup.fi\/index.php\/polyn-ja-purunpoistojarjestelmat\/#primaryimage\",\"url\":\"https:\/\/majurigroup.fi\/wp-content\/uploads\/2025\/12\/purunpoisto.jpg\",\"contentUrl\":\"https:\/\/majurigroup.fi\/wp-content\/uploads\/2025\/12\/purunpoisto.jpg\",\"width\":1600,\"height\":1200},{\"@type\":\"BreadcrumbList\",\"@id\":\"https:\/\/majurigroup.fi\/index.php\/polyn-ja-purunpoistojarjestelmat\/#breadcrumb\",\"itemListElement\":[{\"@type\":\"ListItem\",\"position\":1,\"name\":\"Etusivu\",\"item\":\"https:\/\/majurigroup.fi\/\"},{\"@type\":\"ListItem\",\"position\":2,\"name\":\"P\u00d6LYN- JA PURUNPOISTOJ\u00c4RJESTELM\u00c4T\"}]},{\"@type\":\"WebSite\",\"@id\":\"https:\/\/majurigroup.fi\/#website\",\"url\":\"https:\/\/majurigroup.fi\/\",\"name\":\"Majuri Group Oy\",\"description\":\"P\u00f6lyn- ja purunpoistoj\u00e4rjestelm\u00e4t, teollisuuden keskusimurij\u00e4rjestelm\u00e4t sek\u00e4 erilaiset materiaalinsiirtoj\u00e4rjestelm\u00e4t teollisuuteen.\",\"publisher\":{\"@id\":\"https:\/\/majurigroup.fi\/#organization\"},\"potentialAction\":[{\"@type\":\"SearchAction\",\"target\":{\"@type\":\"EntryPoint\",\"urlTemplate\":\"https:\/\/majurigroup.fi\/?s={search_term_string}\"},\"query-input\":{\"@type\":\"PropertyValueSpecification\",\"valueRequired\":true,\"valueName\":\"search_term_string\"}}],\"inLanguage\":\"fi\"},{\"@type\":\"Organization\",\"@id\":\"https:\/\/majurigroup.fi\/#organization\",\"name\":\"Majuri Group Oy\",\"url\":\"https:\/\/majurigroup.fi\/\",\"logo\":{\"@type\":\"ImageObject\",\"inLanguage\":\"fi\",\"@id\":\"https:\/\/majurigroup.fi\/#\/schema\/logo\/image\/\",\"url\":\"https:\/\/majurigroup.fi\/wp-content\/uploads\/2026\/01\/logo.jpg\",\"contentUrl\":\"https:\/\/majurigroup.fi\/wp-content\/uploads\/2026\/01\/logo.jpg\",\"width\":2275,\"height\":940,\"caption\":\"Majuri Group Oy\"},\"image\":{\"@id\":\"https:\/\/majurigroup.fi\/#\/schema\/logo\/image\/\"},\"sameAs\":[\"https:\/\/www.linkedin.com\/company\/110235069\"]}]}<\/script>\n<!-- \/ Yoast SEO plugin. -->","yoast_head_json":{"title":"P\u00d6LYN- JA PURUNPOISTOJ\u00c4RJESTELM\u00c4T - Majuri Group Oy","description":"P\u00f6lynpoistoj\u00e4rjestelm\u00e4t ja purunpoistoj\u00e4rjestelm\u00e4t oppilaitoksiin ja teollisuuskohteisiin. Moduulit ja konttiratkaisut, lue lis\u00e4\u00e4.","robots":{"index":"index","follow":"follow","max-snippet":"max-snippet:-1","max-image-preview":"max-image-preview:large","max-video-preview":"max-video-preview:-1"},"canonical":"https:\/\/majurigroup.fi\/index.php\/polyn-ja-purunpoistojarjestelmat\/","og_locale":"fi_FI","og_type":"article","og_title":"P\u00f6lyn- ja purunpoistoj\u00e4rjestelm\u00e4t","og_description":"Tehokkaat p\u00f6lyn- ja purunpoistoj\u00e4rjestelm\u00e4t","og_url":"https:\/\/majurigroup.fi\/index.php\/polyn-ja-purunpoistojarjestelmat\/","og_site_name":"Majuri Group Oy","article_modified_time":"2026-01-06T20:53:39+00:00","og_image":[{"width":1200,"height":628,"url":"https:\/\/majurigroup.fi\/wp-content\/uploads\/2026\/01\/purunpoistojarjestelma.png","type":"image\/png"}],"twitter_card":"summary_large_image","twitter_misc":{"Arvioitu lukuaika":"1 minuutti"},"schema":{"@context":"https:\/\/schema.org","@graph":[{"@type":"WebPage","@id":"https:\/\/majurigroup.fi\/index.php\/polyn-ja-purunpoistojarjestelmat\/","url":"https:\/\/majurigroup.fi\/index.php\/polyn-ja-purunpoistojarjestelmat\/","name":"P\u00d6LYN- JA PURUNPOISTOJ\u00c4RJESTELM\u00c4T - Majuri Group Oy","isPartOf":{"@id":"https:\/\/majurigroup.fi\/#website"},"primaryImageOfPage":{"@id":"https:\/\/majurigroup.fi\/index.php\/polyn-ja-purunpoistojarjestelmat\/#primaryimage"},"image":{"@id":"https:\/\/majurigroup.fi\/index.php\/polyn-ja-purunpoistojarjestelmat\/#primaryimage"},"thumbnailUrl":"https:\/\/majurigroup.fi\/wp-content\/uploads\/2025\/12\/purunpoisto-1024x768.jpg","datePublished":"2022-10-14T11:23:17+00:00","dateModified":"2026-01-06T20:53:39+00:00","description":"P\u00f6lynpoistoj\u00e4rjestelm\u00e4t ja purunpoistoj\u00e4rjestelm\u00e4t oppilaitoksiin ja teollisuuskohteisiin. Moduulit ja konttiratkaisut, lue lis\u00e4\u00e4.","breadcrumb":{"@id":"https:\/\/majurigroup.fi\/index.php\/polyn-ja-purunpoistojarjestelmat\/#breadcrumb"},"inLanguage":"fi","potentialAction":[{"@type":"ReadAction","target":["https:\/\/majurigroup.fi\/index.php\/polyn-ja-purunpoistojarjestelmat\/"]}]},{"@type":"ImageObject","inLanguage":"fi","@id":"https:\/\/majurigroup.fi\/index.php\/polyn-ja-purunpoistojarjestelmat\/#primaryimage","url":"https:\/\/majurigroup.fi\/wp-content\/uploads\/2025\/12\/purunpoisto.jpg","contentUrl":"https:\/\/majurigroup.fi\/wp-content\/uploads\/2025\/12\/purunpoisto.jpg","width":1600,"height":1200},{"@type":"BreadcrumbList","@id":"https:\/\/majurigroup.fi\/index.php\/polyn-ja-purunpoistojarjestelmat\/#breadcrumb","itemListElement":[{"@type":"ListItem","position":1,"name":"Etusivu","item":"https:\/\/majurigroup.fi\/"},{"@type":"ListItem","position":2,"name":"P\u00d6LYN- JA PURUNPOISTOJ\u00c4RJESTELM\u00c4T"}]},{"@type":"WebSite","@id":"https:\/\/majurigroup.fi\/#website","url":"https:\/\/majurigroup.fi\/","name":"Majuri Group Oy","description":"P\u00f6lyn- ja purunpoistoj\u00e4rjestelm\u00e4t, teollisuuden keskusimurij\u00e4rjestelm\u00e4t sek\u00e4 erilaiset materiaalinsiirtoj\u00e4rjestelm\u00e4t teollisuuteen.","publisher":{"@id":"https:\/\/majurigroup.fi\/#organization"},"potentialAction":[{"@type":"SearchAction","target":{"@type":"EntryPoint","urlTemplate":"https:\/\/majurigroup.fi\/?s={search_term_string}"},"query-input":{"@type":"PropertyValueSpecification","valueRequired":true,"valueName":"search_term_string"}}],"inLanguage":"fi"},{"@type":"Organization","@id":"https:\/\/majurigroup.fi\/#organization","name":"Majuri Group Oy","url":"https:\/\/majurigroup.fi\/","logo":{"@type":"ImageObject","inLanguage":"fi","@id":"https:\/\/majurigroup.fi\/#\/schema\/logo\/image\/","url":"https:\/\/majurigroup.fi\/wp-content\/uploads\/2026\/01\/logo.jpg","contentUrl":"https:\/\/majurigroup.fi\/wp-content\/uploads\/2026\/01\/logo.jpg","width":2275,"height":940,"caption":"Majuri Group Oy"},"image":{"@id":"https:\/\/majurigroup.fi\/#\/schema\/logo\/image\/"},"sameAs":["https:\/\/www.linkedin.com\/company\/110235069"]}]}},"_links":{"self":[{"href":"https:\/\/majurigroup.fi\/index.php\/wp-json\/wp\/v2\/pages\/25","targetHints":{"allow":["GET"]}}],"collection":[{"href":"https:\/\/majurigroup.fi\/index.php\/wp-json\/wp\/v2\/pages"}],"about":[{"href":"https:\/\/majurigroup.fi\/index.php\/wp-json\/wp\/v2\/types\/page"}],"author":[{"embeddable":true,"href":"https:\/\/majurigroup.fi\/index.php\/wp-json\/wp\/v2\/users\/1"}],"replies":[{"embeddable":true,"href":"https:\/\/majurigroup.fi\/index.php\/wp-json\/wp\/v2\/comments?post=25"}],"version-history":[{"count":48,"href":"https:\/\/majurigroup.fi\/index.php\/wp-json\/wp\/v2\/pages\/25\/revisions"}],"predecessor-version":[{"id":744,"href":"https:\/\/majurigroup.fi\/index.php\/wp-json\/wp\/v2\/pages\/25\/revisions\/744"}],"wp:attachment":[{"href":"https:\/\/majurigroup.fi\/index.php\/wp-json\/wp\/v2\/media?parent=25"}],"curies":[{"name":"wp","href":"https:\/\/api.w.org\/{rel}","templated":true}]}}